s of 782550?
2, 3, 5, 37, 47
List the prime factors of 919479.
3, 11, 17, 149
List the prime factors of 1025229.
3, 341743
What are the prime factors of 80982?
2, 3, 11, 409
What are the prime factors of 8674?
2, 4337
What are the prime factors of 2645805?
3, 5, 23, 7669
What are the prime factors of 1444985?
5, 288997
List the prime factors of 3707097.
3, 41, 30139
What are the prime factors of 134132?
2, 33533
List the prime factors of 15422149.
15422149
List the prime factors of 2278157.
7, 19, 2447
List the prime factors of 609591.
3, 317, 641
List the prime factors of 537053.
11, 48823
What are the prime factors of 286784?
2, 4481
What are the prime factors of 14579129?
137, 106417
What are the prime factors of 1608493?
1608493
List the prime factors of 130730.
2, 5, 17, 769
What are the prime factors of 298432?
2, 4663
List the prime factors of 507122.
2, 7, 11, 37, 89
What are the prime factors of 27405920?
2, 5, 157, 1091
What are the prime factors of 5475746?
2, 2737873
What are the prime factors of 9780819?
3, 23, 229, 619
List the prime factors of 2325326.
2, 1162663
List the prime factors of 267807.
3, 89269
List the prime factors of 5990436.
2, 3, 6163
What are the prime factors of 5996991?
3, 7, 11, 13, 1997
What are the prime factors of 6335751?
3, 2111917
List the prime factors of 26677829.
26677829
List the prime factors of 4270641.
3, 1423547
List the prime factors of 238795.
5, 163, 293
List the prime factors of 212388.
2, 3, 11, 1609
What are the prime factors of 665557?
665557
List the prime factors of 1102535.
5, 7, 17, 109
What are the prime factors of 67743?
3, 13, 193
List the prime factors of 1180585.
5, 7, 89, 379
List the prime factors of 17870870.
2, 5, 1787087
What are the prime factors of 62337?
3, 11, 1889
List the prime factors of 589122.
2, 3, 23, 1423
List the prime factors of 3167195.
5, 719, 881
List the prime factors of 266567.
7, 113, 337
What are the prime factors of 312588?
2, 3, 19, 457
What are the prime factors of 81569?
81569
What are the prime factors of 590996?
2, 7, 21107
List the prime factors of 1758522.
2, 3, 293087
What are the prime factors of 6242483?
13, 631, 761
List the prime factors of 3031136.
2, 94723
What are the prime factors of 50519?
7, 1031
List the prime factors of 12891345.
3, 5, 859423
What are the prime factors of 915008?
2, 17, 29
List the prime factors of 1311788.
2, 17, 101, 191
List the prime factors of 2410026.
2, 3, 401671
What are the prime factors of 268290?
2, 3, 5, 11, 271
List the prime factors of 8973129.
3, 11, 37, 7349
What are the prime factors of 204656?
2, 12791
List the prime factors of 430730.
2, 5, 19, 2267
What are the prime factors of 5583218?
2, 103, 27103
What are the prime factors of 8058247?
139, 57973
What are the prime factors of 148133?
41, 3613
What are the prime factors of 4127205?
3, 5, 275147
What are the prime factors of 2848586?
2, 13, 331
List the prime factors of 1115445.
3, 5, 74363
What are the prime factors of 1193799?
3, 107, 3719
What are the prime factors of 348061?
7, 19, 2617
List the prime factors of 15897532.
2, 7, 643, 883
List the prime factors of 110752.
2, 3461
What are the prime factors of 15437206?
2, 1321, 5843
What are the prime factors of 16772413?
7, 569, 4211
What are the prime factors of 33596795?
5, 6719359
List the prime factors of 8379069.
3, 2793023
List the prime factors of 536037.
3, 197, 907
What are the prime factors of 1201051?
379, 3169
List the prime factors of 17772801.
3, 5924267
List the prime factors of 494316.
2, 3, 23, 199
What are the prime factors of 52070?
2, 5, 41, 127
What are the prime factors of 13892?
2, 23, 151
List the prime factors of 2911163.
2911163
List the prime factors of 140436.
2, 3, 47, 83
List the prime factors of 269278.
2, 134639
What are the prime factors of 7936735?
5, 71, 79, 283
List the prime factors of 1187832.
2, 3, 43, 1151
What are the prime factors of 12976767?
3, 160207
What are the prime factors of 10218784?
2, 197, 1621
What are the prime factors of 1753144?
2, 219143
What are the prime factors of 17362175?
5, 694487
What are the prime factors of 125874?
2, 3, 7, 37
What are the prime factors of 284291?
7, 17, 2389
What are the prime factors of 2347116?
2, 3, 195593
List the prime factors of 2070585.
3, 5, 11, 47, 89
List the prime factors of 303420.
2, 3, 5, 13, 389
List the prime factors of 8662200.
2, 3, 5, 14437
What are the prime factors of 1524220?
2, 5, 17, 4483
What are the prime factors of 145071?
3, 199
List the prime factors of 7789612.
2, 743, 2621
List the prime factors of 269680.
2, 5, 3371
List the prime factors of 653538.
2, 3, 108923
List the prime factors of 1148292.
2, 3, 167, 191
List the prime factors of 4083364.
2, 1020841
List the prime factors of 1711668.
2, 3, 7, 41, 71
List the prime factors of 1722259.
7, 11, 22367
List the prime factors of 342160.
2, 5, 7, 13, 47
List the prime factors of 10068293.
47, 214219
List the prime factors of 17058755.
5, 7, 23, 21191
What are the prime factors of 694685?
5, 138937
What are the prime factors of 29620?
2, 5, 1481
What are the prime factors of 477774?
2, 3, 11, 19, 127
List the prime factors of 5322900.
2, 3, 5, 11, 1613
List the prime factors of 661285.
5, 132257
What are the prime factors of 166139?
103, 1613
List the prime factors of 264126.
2, 3, 44021
List the prime factors of 677021.
677021
List the prime factors of 805934.
2, 37, 10891
List the prime factors of 69234.
2, 3, 11, 1049
What are the prime factors of 67683?
3, 7, 11, 293
What are the prime factors of 47595?
3, 5, 19, 167
List the prime factors of 132596.
2, 33149
What are the prime factors of 10673064?
2, 3, 271, 547
List the prime factors of 1930495.
5, 7, 19, 2903
What are the prime factors of 39897?
3, 11, 13, 31
List the prime factors of 167563.
11, 15233
List the prime factors of 15839732.
2, 23, 172171
What are the prime factors of 1973582?
2, 13, 5839
What are the prime factors of 1049906?
2, 11, 13, 3671
List the prime factors of 457985.
5, 11, 757
What are the prime factors of 713408?
2, 71, 157
What are the prime factors of 5048967?
3, 7, 11, 1987
What are the prime factors of 14941853?
14941853
List the prime factors of 8653069.
223, 38803
What are the prime factors of 401742?
2, 3, 11, 2029
What are the prime factors of 619644?
2, 3, 51637
List the prime factors of 178295.
5, 13, 211
List the prime factors of 1063176.
2, 3, 31, 1429
What are the prime factors of 2136307?
367, 5821
List the prime factors of 7091568.
2, 3, 11, 37
List the prime factors of 71174.
2, 19, 1873
List the prime factors of 562055.
5, 13, 8647
List the prime factors of 2385544.
2, 7, 41, 1039
List the prime factors of 3300642.
2, 3, 19, 3217
List the prime factors of 8500239.
3, 11, 19, 4519
What are the prime factors of 323629?
17, 19037
List the prime factors of 4301806.
2, 43, 50021
What are the prime factors of 1300062?
2, 3, 43, 5039
What are the prime factors of 37509?
3, 12503
What are the prime factors of 1922205?
3, 5, 128147
List the prime factors of 156895.
5, 31379
What are the prime factors of 1785964?
2, 97, 4603
What are the prime factors of 2331932?
2, 582983
What are the prime factors of 264026?
2, 7, 18859
List the prime factors of 39509680.
2, 5, 7, 10079
What are the prime factors of 5616133?
5616133
What are the prime factors of 684332?
2, 11, 103, 151
What are the prime factors of 6958016?
2, 13, 8363
What are the prime factors of 12988102?
2, 17, 382003
List the prime factors of 675609.
3, 11, 59, 347
What are the prime factors of 4015526?
2, 2007763
What are the prime factors of 21880682?
2, 23, 409, 1163
What are the prime factors of 2561058?
2, 3, 15809
List the prime factors of 13805467.
13, 1061959
List the prime factors of 19207274.
2, 9603637
List the prime factors of 205501.
89, 2309
What are the prime factors of 52741?
13, 4057
List the prime factors of 174366.
2, 3, 3229
What are the prime factors of 6621562?
2, 23, 143947
What are the prime factors of 5092929?
3, 53, 3559
What are the prime factors of 830383?
830383
List the prime factors of 310018.
2, 155009
What are the prime factors of 17582692?
2, 17, 258569
What are the prime factors of 31387542?
2, 3, 17, 127, 2423
List the prime factors of 6087170.
2